he highest common divisor of 336 and 16912?
112
Calculate the greatest common divisor of 10590 and 30.
30
Calculate the greatest common divisor of 6075 and 275.
25
What is the greatest common factor of 25 and 35?
5
Calculate the greatest common factor of 904 and 1243.
113
What is the highest common factor of 216 and 90?
18
What is the highest common factor of 39 and 39?
39
Calculate the highest common factor of 567 and 42.
21
What is the greatest common factor of 4025 and 700?
175
Calculate the highest common factor of 116 and 1073.
29
What is the highest common factor of 77 and 8547?
77
What is the highest common divisor of 1113 and 63?
21
Calculate the greatest common divisor of 1428 and 24.
12
What is the greatest common factor of 54 and 7452?
54
Calculate the greatest common factor of 30 and 370.
10
Calculate the highest common divisor of 152 and 88.
8
What is the greatest common divisor of 23 and 106651?
23
Calculate the highest common divisor of 11 and 1991.
11
What is the greatest common divisor of 891 and 81?
81
Calculate the highest common divisor of 7 and 211.
1
Calculate the highest common divisor of 6 and 23.
1
What is the greatest common divisor of 19 and 33820?
19
Calculate the greatest common factor of 1632 and 4692.
204
What is the greatest common factor of 106 and 689?
53
What is the highest common divisor of 52 and 5668?
52
What is the highest common divisor of 58 and 1363?
29
What is the greatest common factor of 2074 and 136?
34
What is the highest common divisor of 94 and 74?
2
Calculate the highest common factor of 5476 and 370.
74
Calculate the highest common factor of 528 and 88.
88
Calculate the highest common factor of 110 and 36.
2
Calculate the highest common divisor of 2483 and 39.
13
What is the highest common factor of 93 and 496?
31
What is the highest common factor of 2320 and 1595?
145
Calculate the greatest common factor of 14 and 91.
7
What is the highest common factor of 7634 and 22?
22
What is the greatest common divisor of 51 and 170?
17
Calculate the highest common factor of 310 and 10.
10
Calculate the greatest common divisor of 208 and 104.
104
Calculate the highest common divisor of 989 and 387.
43
What is the highest common factor of 9 and 531?
9
What is the highest common factor of 12 and 156?
12
Calculate the greatest common divisor of 924 and 66.
66
Calculate the highest common factor of 16 and 254.
2
Calculate the highest common divisor of 517 and 11.
11
Calculate the greatest common divisor of 6313 and 59.
59
Calculate the highest common divisor of 56 and 14.
14
Calculate the greatest common factor of 990 and 4554.
198
Calculate the greatest common divisor of 3674 and 33.
11
What is the highest common divisor of 1501 and 553?
79
What is the greatest common factor of 84 and 108?
12
What is the greatest common divisor of 108 and 396?
36
What is the greatest common divisor of 495 and 55?
55
What is the highest common factor of 720 and 114?
6
What is the highest common divisor of 8924 and 184?
92
What is the highest common divisor of 36 and 729?
9
What is the highest common divisor of 83 and 581?
83
What is the highest common factor of 3328 and 52?
52
What is the greatest common factor of 228 and 1068?
12
What is the highest common factor of 72 and 120?
24
Calculate the highest common factor of 1288 and 616.
56
Calculate the highest common divisor of 336 and 126.
42
Calculate the greatest common divisor of 1351 and 14.
7
What is the highest common divisor of 3236 and 4?
4
What is the greatest common divisor of 100 and 50?
50
What is the greatest common factor of 1612 and 4?
4
Calculate the highest common divisor of 1025 and 41.
41
What is the highest common divisor of 60 and 320?
20
Calculate the greatest common factor of 504 and 56.
56
What is the greatest common factor of 100 and 175?
25
What is the greatest common divisor of 29 and 493?
29
Calculate the greatest common factor of 2754 and 136.
34
Calculate the greatest common divisor of 24 and 912.
24
Calculate the greatest common factor of 288 and 27.
9
Calculate the greatest common divisor of 5244 and 1794.
138
Calculate the highest common divisor of 207 and 72.
9
Calculate the greatest common factor of 154 and 913.
11
What is the highest common factor of 5673 and 279?
93
Calculate the greatest common factor of 88 and 9548.
44
Calculate the greatest common factor of 34 and 2.
2
What is the highest common factor of 3424 and 107?
107
Calculate the greatest common factor of 7 and 14567.
7
What is the greatest common factor of 496 and 31?
31
What is the greatest common factor of 444 and 12?
12
Calculate the highest common divisor of 38 and 1976.
38
Calculate the highest common factor of 39 and 27690.
39
What is the highest common factor of 231 and 77?
77
Calculate the highest common factor of 4 and 171.
1
What is the highest common factor of 280 and 120?
40
What is the greatest common factor of 8 and 4?
4
What is the greatest common divisor of 45209 and 53?
53
What is the highest common divisor of 18 and 48?
6
Calculate the greatest common divisor of 6292 and 22.
22
Calculate the greatest common factor of 160 and 270.
10
What is the greatest common factor of 5697 and 54?
27
Calculate the highest common divisor of 230 and 110.
10
What is the highest common factor of 16 and 16984?
8
What is the greatest common factor of 11090 and 30?
10
Calculate the highest common factor of 2 and 706.
2
What is the highest common divisor of 9 and 171?
9
What is the greatest common divisor of 135 and 3735?
45
What is the greatest common factor of 36 and 24?
12
What is the greatest common divisor of 354 and 944?
118
What is the greatest common factor of 40 and 55?
5
What is the greatest common divisor of 134 and 4288?
134
Calculate the highest common divisor of 77 and 7.
7
What is the greatest common divisor of 621 and 161?
23
Calculate the greatest common factor of 1431 and 27.
27
Calculate the greatest common divisor of 2730 and 45.
15
Calculate the greatest common divisor of 752 and 32.
16
What is the highest common factor of 14 and 15414?
14
What is the greatest common divisor of 240 and 750?
30
Calculate the highest common divisor of 90 and 10.
10
Calculate the highest common factor of 1065 and 1455.
15
What is the highest common divisor of 7568 and 352?
176
Calculate the greatest common divisor of 427 and 122.
61
Calculate the greatest common factor of 56 and 1666.
14
What is the greatest common factor of 375 and 1750?
125
Calculate the highest common factor of 86 and 226.
2
Calculate the highest common factor of 1312 and 246.
82
Calculate the greatest common divisor of 1023 and 44.
11
Calculate the greatest common divisor of 63 and 28.
7
Calculate the highest common divisor of 40 and 180.
20
What is the highest common factor of 32 and 608?
32
Calculate the highest common divisor of 9920 and 120.
40
What is the greatest common divisor of 1495 and 65?
65
Calculate the highest common factor of 132 and 308.
44
What is the greatest common divisor of 231 and 66?
33
What is the highest common divisor of 1927 and 517?
47
Calculate the highest common divisor of 70 and 13370.
70
What is the greatest common factor of 198 and 18?
18
Calculate the highest common divisor of 128 and 704.
64
Calculate the highest common factor of 82 and 53.
1
What is the greatest common factor of 392 and 4620?
28
Calculate the greatest common factor of 765 and 2565.
45
Calculate the greatest common factor of 473 and 22.
11
Calculate the greatest common divisor of 297 and 81.
27
What is the highest common divisor of 30 and 1410?
30
What is the highest common divisor of 301 and 2881?
43
Calculate the highest common factor of 648 and 8.
8
What is the highest common factor of 385 and 14?
7
What is the greatest common factor of 9 and 36?
9
What is the highest common divisor of 72171 and 99?
99
What is the greatest common divisor of 153 and 114?
3
What is the greatest common factor of 108 and 32778?
54
What is the greatest common factor of 6106 and 142?
142
What is the greatest common divisor of 9718 and 452?
226
What is the greatest common divisor of 1845 and 180?
45
What is the highest common divisor of 21 and 15393?
21
What is the highest common factor of 15 and 55?
5
Calculate the highest co